) = 11*r**3 - r**2 - 5*r - 5. Let z be q(-2). Let o = z - -159. Suppose -i + v + o = -0*i, 2*v - 312 = -4*i. List the prime factors of i.
2, 19
List the prime factors of ((-12049)/2)/(105/(-210)).
12049
Let x be (-7)/(-8 + 1)*3. List the prime factors of ((-244)/x)/(5/10)*-3.
2, 61
Suppose 0 = -13*i + 5*i. Suppose i = -4*z + 497 + 2943. What are the prime factors of z?
2, 5, 43
Suppose -y - 12 = -4*n + y, 4*y - 8 = 0. List the prime factors of n/6 - 85400/(-105).
2, 11, 37
What are the prime factors of 9/(-15) - (-148479)/215?
2, 3, 5, 23
Let o(c) = -3*c + 19. Let t be o(7). Let q be ((-1)/t)/(1*3/(-2046)). Let b = 518 + q. What are the prime factors of b?
3, 59
Suppose -71244 = -3*r + 5*x, -2*r + 94922 = 2*r + 5*x. List the prime factors of r.
2, 11, 13, 83
Suppose -7*k - 3*q + 108257 = 0, -2*k + 3*q + 30781 = -165. List the prime factors of k.
15467
Suppose 4*j + 8 + 7 = 5*d, -2*j + 5*d = 5. Let y be 2 - (3 + j + -2). List the prime factors of (1 + 0)/((24/412)/y).
103
Let o(y) = y**3 + 2*y**2 + 4*y + 4. Let z be o(5). Let q = -192 + z. List the prime factors of q.
7
What are the prime factors of (-520248)/96*(-2)/((9/3)/6)?
53, 409
Let w = -5 + 18. Let b = w + -9. Suppose 356 = 2*i - 2*q, 0 = -b*i - 0*i + 5*q + 709. List the prime factors of i.
181
Let f(m) = 2*m**2. Let w(x) = 24*x**2 + 5*x + 4. Let q(s) = 6*f(s) + w(s). What are the prime factors of q(4)?
2, 3, 5
Let g be (27/6 + -4)*22. What are the prime factors of (488 - -4)/4 - (6 - g)?
2
Suppose -14 = -3*d - 2*m, -3 = -3*d - 5*m + 23. What are the prime factors of (966/(-12))/((-1)/d)?
7, 23
Let s(d) = -3*d**3 + 6*d**2 - 45*d + 16. Let f be s(-9). Let n = f + -1481. What are the prime factors of n?
1613
Suppose -4*y + 1660 = -2*x, y + x + 2072 = 6*y. Suppose 1298 - 70 = 3*l + j, l - y = -5*j. List the prime factors of l.
409
Let m be 3/21 + (-1572)/28. Let y = 58 + m. Suppose -2 = y*j + 2, -5*x + 642 = -j. List the prime factors of x.
2
Suppose -33*z - 7105 + 34924 = 0. List the prime factors of z.
3, 281
Suppose 22850 + 13290 = 53*m + 3704. Let w be (-56)/(-10) - 4/(-10). Suppose -300 - m = -w*y. List the prime factors of y.
2, 19
Suppose 2*g - 2*l = 2, -4*g - 1 = l - 20. Suppose 229 = g*u - 1115. List the prime factors of u.
2, 3, 7
List the prime factors of (13 - 1956/24)/(850/852 - 1).
3, 71, 137
Suppose -3*y - 3*o - 282 = -6*y, 4*y - o - 382 = 0. Let a = y - -1081. What are the prime factors of a?
11, 107
Suppose 799*i = 794*i + 2330. Let z = 217 + i. List the prime factors of z.
683
Let f be 244/(-4) - 2/(-1). Let h = -31 - f. List the prime factors of (-12)/(8/h*(-7)/15).
2, 3, 5
List the prime factors of 25/(1925/850476) + (3 - (-22)/(-7)).
5, 47
Let j(o) = 65*o + 22. Let b be j(-9). Let k = b - -796. Suppose -15 - k = -4*f. What are the prime factors of f?
2, 31
Let q(r) = -101*r**2 - 5*r - 2. Let n(h) = 151*h**2 + 7*h + 3. Let w = 29 - 24. Let c(z) = w*n(z) + 7*q(z). List the prime factors of c(2).
193
Let v be -2 - (-1 + (-2 - 3*-4)). Let z = v + 11. Suppose j - 102 - 114 = z. What are the prime factors of j?
2, 3
Let z be (-8065)/(-6) - (207/54)/23. Suppose 32*j - 24*j = z. List the prime factors of j.
2, 3, 7
Suppose -2*u = -3*q - 501, 3*u + 2*q = 5*q + 756. Let n = 74 - u. Let r = -77 - n. List the prime factors of r.
2, 13
Suppose 0 = 2*m - 167 - 189. Suppose 4 = o, 18*b - m = 17*b - o. What are the prime factors of b?
2, 3, 29
Let y(s) = 374*s - 3708. What are the prime factors of y(37)?
2, 5, 1013
Suppose 4*a - 8*a = -i - 341, -5*a = -i - 425. Let y = a - 31. What are the prime factors of y?
53
Suppose -p + 1 = -w - 6, -3*w - 31 = -5*p. Suppose 2*l + 1034 = 3*a, 0 = 5*a - 0*a - p*l - 1715. What are the prime factors of a?
2, 3, 29
Let v = 25109 - 11853. List the prime factors of v.
2, 1657
Let y(t) = -4*t**3 - 51*t**2 - 23*t + 67. Let u(q) = -q**3 - 13*q**2 - 6*q + 17. Let r(p) = -9*u(p) + 2*y(p). What are the prime factors of r(-14)?
5, 13
Suppose -2*o - x = 182, -3*o + 2*o - 2*x = 97. Let n be (4/(-6))/(12/(-2916)). Let h = n + o. What are the prime factors of h?
73
Suppose 11024 + 11426 = 5*t. What are the prime factors of t?
2, 5, 449
Suppose 0 = 2*p - 2*j + 2, -p + j + 3 = p. Suppose -p*q - 20 = q, 3*q = -2*v - 10. List the prime factors of ((-12)/4 - v) + 226/2.
109
Suppose -4*t + 141 - 29 = 0. Suppose t*c - 16*c = 2076. List the prime factors of c.
173
Let l(w) = w**3 + 2*w**2 + 12*w + 3. Let r be (3/12 - (-26)/8)*2. Let x be l(r). Suppose 5*z = z + x. What are the prime factors of z?
2, 3, 11
Let y = 1258 - 1842. Let n = y - -1081. What are the prime factors of n?
7, 71
Let f(m) = m**2 - 16*m + 187. What are the prime factors of f(-37)?
2, 3, 179
Suppose 333*l + 2291451 - 11326427 = 2*l. List the prime factors of l.
2, 853
Suppose -450*n = -137*n + 4654924 - 28206922. What are the prime factors of n?
2, 3, 12541
Let v = 1934 - 1954. Suppose -2*n = -4*n - 176. Let p = v - n. What are the prime factors of p?
2, 17
Let w = -16085 + 24030. What are the prime factors of w?
5, 7, 227
Let q = 11 - 15. Let d(p) = 7*p**2 - p. What are the prime factors of d(q)?
2, 29
Suppose u + 37*n - 42*n = 53270, 0 = -3*u + 2*n + 159849. List the prime factors of u.
5, 10657
Suppose -18*r - 274956 + 306262 + 1230458 = 0. List the prime factors of r.
2, 3, 7, 1669
Suppose 0 = 4*z - 5*p - 41, 4*z - 40 = 6*p - 2*p. Suppose 4693 + 4478 = z*v. What are the prime factors of v?
1019
Let z be 0 - ((-8)/2 + (7 - 5)). Suppose -5*m + 1120 = -2*p, -m - z*p + 224 = -p. List the prime factors of m.
2, 7
Suppose 6*y - 27 = 99. Suppose 0 = -3*i + y + 1161. List the prime factors of i.
2, 197
Suppose 2*p = 2*j + 192, 3*p + p - 3*j = 384. Let b be 1/(-4) - (-2391)/12. Let u = b - p. List the prime factors of u.
103
Suppose -22*u - 17097 = 7345. Let f = 2275 + u. List the prime factors of f.
2, 3, 97
What are the prime factors of (((-1)/2)/(-1))/(5 - (-5474301)/(-1094866))?
43, 439
Let x = 37 + -21. Let g(u) = u**3 - 15*u**2 - 19*u + 21. Let w be g(x). What are the prime factors of ((-1494)/w)/((-1)/(-3))?
2, 83
Suppose -t = -28 - 99. Suppose -119 = -v - j + 3, 4*j = v - t. Suppose 8*s - v = 5*s. List the prime factors of s.
41
Suppose 8793 + 21725 = 2*q + 4*a, -4*a = q - 15271. What are the prime factors of q?
79, 193
Let n be (-2 - 1)*8/(-6). Let a be 41 - 13/(104/(-72)). Suppose -n*l + 326 = 3*g, 0 = -3*l + 4*g - a + 282. List the prime factors of l.
2, 5
Let g be (-6)/10 - (-84)/15. Suppose q = -l + 1, -g - 1 = 2*l. Suppose -q*d - 29 = -345. What are the prime factors of d?
79
Let h(r) = 119 - 40 - 40*r - 40 - 31. List the prime factors of h(-2).
2, 11
Suppose 4*z - 3*h = -1, -3*h + 4 = -5*z + 5. Suppose 3*x + 2*u + 71 = 0, 5*x + 150 = -z*u + 5*u. Let g = 57 + x. What are the prime factors of g?
2, 3, 5
Let p = -380 - -1222. Let r = -527 + p. List the prime factors of r.
3, 5, 7
What are the prime factors of (-485)/((-575)/(-230)*2/(-60))?
2, 3, 5, 97
Let s = 20 + -63. Let f = 424 + s. List the prime factors of f.
3, 127
Suppose 3*w + 106 = 88. Let y be (1 + w + 2)/((-3)/(-2)). What are the prime factors of (y - (-184)/(-10))/(18/(-135))?
3, 17
Suppose 68 = 2*l + 5*f, -3*l + f + 90 = -29. Let d be (-5 - -6) + 2 + -21. Let p = l - d. What are the prime factors of p?
3, 19
Suppose 38216 = -5*s + k + 206708, 2*s = k + 67398. What are the prime factors of s?
2, 7, 29, 83
Let t(n) = -162*n**2 - 8*n + 3. Let s(o) = -o. Let b(v) = 4*s(v) - t(v). Let c be b(1). Let r = c + -70. What are the prime factors of r?
3, 31
Suppose -2*w + 166*f + 73872 = 169*f, -2*w + 73880 = -f. List the prime factors of w.
3, 7, 1759
Let z = 24 - 21. Let f be 0 + (-9)/z + 4 + -116. Let j = f - -190. What are the prime factors of j?
3, 5
Suppose 0 = 3*c + 4*g - 18353 - 20257, -4*c = -3*g - 51480. List the prime factors of c.
2, 3, 5, 11, 13
Let l(o) = o**3 - 22*o**2 + 26. Let f be 333/15 + ((-18)/15 - -1). Let w be l(f). Suppose -28*v + w*v + 92 = 0. List the prime factors of v.
2, 23
Let h = -109 - -169. Let x be 8/5 - 2 - (-7344)/h. Let j = x - -5. List the prime factors of j.
127
Let j = 3194 - 2091. What are the prime factors of j?
1103
Let w = 102 + 242. List the prime factors of w.
2, 43
Suppose 17923 = n - 3063. List the prime factors of n.
2, 7, 1499
Suppose 3*k + 22 = -p, -5*p - 16 - 6 = 4*k. Let b = -4 - k. Suppo